5212?
False
Is 35810 a multiple of 13?
False
Is 8 a factor of 9100?
False
Is 28 a factor of 73?
False
Does 15 divide 16429?
False
Is 9 a factor of 356?
False
Is 3910 a multiple of 34?
True
Is 13408 a multiple of 25?
False
Is 4235 a multiple of 57?
False
Is 3329 a multiple of 14?
False
Does 2 divide 341?
False
Is 11 a factor of 88?
True
Does 14 divide 28308?
True
Is 38192 a multiple of 56?
True
Is 4774 a multiple of 31?
True
Is 64 a multiple of 8?
True
Is 32707 a multiple of 23?
False
Is 112 a factor of 766?
False
Does 73 divide 39849?
False
Is 910 a multiple of 70?
True
Is 8 a factor of 336?
True
Is 4940 a multiple of 123?
False
Is 243 a multiple of 27?
True
Is 2834 a multiple of 37?
False
Is 5977 a multiple of 21?
False
Does 43 divide 56631?
True
Is 144 a multiple of 36?
True
Is 22 a multiple of 22?
True
Is 1066 a multiple of 82?
True
Is 8024 a multiple of 9?
False
Is 11990 a multiple of 6?
False
Does 7 divide 546?
True
Does 7 divide 21?
True
Is 237 a multiple of 17?
False
Does 14 divide 3220?
True
Is 70 a multiple of 4?
False
Is 18 a factor of 2854?
False
Is 125 a factor of 46375?
True
Is 26 a factor of 8787?
False
Is 12 a factor of 4476?
True
Is 6688 a multiple of 19?
True
Is 55 a factor of 550?
True
Does 3 divide 433?
False
Is 4327 a multiple of 191?
False
Does 90 divide 2454?
False
Is 212 a multiple of 4?
True
Is 128 a factor of 4224?
True
Is 58 a factor of 1336?
False
Does 41 divide 89?
False
Is 2 a factor of 2629?
False
Is 10 a factor of 104?
False
Is 7 a factor of 665?
True
Does 27 divide 9855?
True
Is 5 a factor of 105?
True
Does 13 divide 6240?
True
Is 112088 a multiple of 13?
False
Does 9 divide 1143?
True
Is 14 a factor of 1190?
True
Is 78 a factor of 35647?
False
Does 227 divide 78453?
False
Is 8 a factor of 265?
False
Does 19 divide 399?
True
Is 48 a factor of 985?
False
Is 3686 a multiple of 38?
True
Does 33 divide 180?
False
Is 62 a factor of 5084?
True
Does 49 divide 27783?
True
Does 9 divide 8631?
True
Is 208 a multiple of 8?
True
Does 10 divide 19110?
True
Is 64201 a multiple of 229?
False
Is 11968 a multiple of 374?
True
Does 86 divide 29842?
True
Does 26 divide 11466?
True
Is 142 a factor of 21442?
True
Is 12080 a multiple of 20?
True
Does 2 divide 349?
False
Does 16 divide 288?
True
Is 15106 a multiple of 182?
True
Does 27 divide 791?
False
Does 34 divide 112686?
False
Is 655 a multiple of 4?
False
Is 19 a factor of 4807?
True
Is 21 a factor of 945?
True
Is 49 a factor of 3087?
True
Is 280 a multiple of 20?
True
Does 91 divide 1367?
False
Does 9 divide 2430?
True
Is 101 a factor of 8532?
False
Does 14 divide 13306?
False
Is 5 a factor of 980?
True
Is 83 a factor of 3019?
False
Is 49062 a multiple of 221?
True
Is 21 a factor of 18480?
True
Does 18 divide 8046?
True
Is 2115 a multiple of 5?
True
Does 61 divide 3065?
False
Does 29 divide 1807?
False
Does 7 divide 1145?
False
Is 111 a factor of 6438?
True
Is 10 a factor of 200?
True
Is 31 a factor of 55056?
True
Is 9702 a multiple of 22?
True
Is 8 a factor of 4011?
False
Does 15 divide 32391?
False
Does 17 divide 2516?
True
Is 8584 a multiple of 6?
False
Is 12199 a multiple of 11?
True
Is 16 a factor of 3082?
False
Is 19 a factor of 1700?
False
Does 3 divide 4236?
True
Is 12 a multiple of 6?
True
Is 13 a factor of 8138?
True
Does 5 divide 6290?
True
Is 4410 a multiple of 14?
True
Is 530 a multiple of 106?
True
Does 368 divide 21698?
False
Is 12 a factor of 936?
True
Does 55 divide 69?
False
Is 423 a multiple of 63?
False
Does 42 divide 42?
True
Is 22 a factor of 5052?
False
Is 10345 a multiple of 22?
False
Is 43 a factor of 828?
False
Does 11 divide 7634?
True
Does 19 divide 608?
True
Is 20732 a multiple of 93?
False
Does 71 divide 7887?
False
Is 112 a factor of 2362?
False
Does 5 divide 220?
True
Is 2688 a multiple of 42?
True
Does 215 divide 10041?
False
Is 735 a multiple of 7?
True
Is 17 a factor of 3111?
True
Is 5531 a multiple of 26?
False
Is 22 a factor of 198?
True
Is 10 a factor of 5833?
False
Does 32 divide 91?
False
Does 12 divide 48?
True
Is 25100 a multiple of 10?
True
Is 8352 a multiple of 86?
False
Does 2 divide 39?
False
Does 121 divide 1210?
True
Does 4 divide 165?
False
Does 91 divide 12740?
True
Does 20 divide 2394?
False
Does 24 divide 2318?
False
Is 3906 a multiple of 42?
True
Is 980 a multiple of 49?
True
Is 31 a factor of 1241?
False
Is 10 a factor of 289?
False
Is 67 even?
False
Does 5 divide 765?
True
Does 10 divide 2900?
True
Does 21 divide 126?
True
Is 20572 a multiple of 14?
False
Does 101 divide 18887?
True
Is 89040 a multiple of 106?
True
Is 87 a factor of 231?
False
Does 14 divide 5095?
False
Is 176 a multiple of 4?
True
Does 138 divide 9798?
True
Is 57075 a multiple of 57?
False
Does 11 divide 266?
False
Is 17 a factor of 100?
False
Does 7 divide 1225?
True
Does 11 divide 759?
True
Is 11573 a multiple of 14?
False
Is 33 a factor of 46414?
False
Is 9 a factor of 21604?
False
Is 5 a factor of 335?
True
Is 3 a factor of 103?
False
Is 1230 a multiple of 3?
True
Is 11 a factor of 4763?
True
Is 6615 a multiple of 189?
True
Does 16 divide 32?
True
Is 8 a multiple of 4?
True
Is 672 a multiple of 8?
True
Is 2745 a multiple of 61?
True
Is 1269 a multiple of 15?
False
Is 11 a factor of 38535?
False
Is 454 a multiple of 10?
False
Does 13 divide 8811?
False
Is 11640 a multiple of 40?
True
Is 3768 a multiple of 10?
False
Is 23188 a multiple of 68?
True
Does 6 divide 102?
True
Is 3470 a multiple of 11?
False
Is 18 a factor of 450?
True
Is 13105 a multiple of 131?
False
Is 9 a factor of 2118?
False
Is 122 even?
True
Is 39 a factor of 5109?
True
Does 12 divide 2289?
False
Is 2 a factor of 451?
False
Is 4680 a multiple of 52?
True
Does 35 divide 147560?
True
Does 32 divide 10806?
False
Does 8 divide 10322?
False
Is 11 a factor of 3883?
True
Is 26 a factor of 188?
False
Is 12 a factor of 48?
True
Does 7 divide 861?
True
Does 12 divide 7267?
False
Does 24 divide 792?
True
Does 19 divide 6615?
False
Is 30 a factor of 356?
False
Does 24 divide 398?
False
Is 41 a factor of 1232?
False
Is 3 a factor of 159?
True
Is 22 a factor of 309?
False
Does 43 divide 2322?
True
Does 71 divide 73?
False
Is 390 a multiple of 68?
False
Is 10530 a multiple of 138?
False
Is 3626 a multiple of 98?
True
Is 18312 a multiple of 28?
True
Is 8 a factor of 69749?
False
Is 68510 a multiple of 170?
True
Is 870 a multiple of 10?
True
Is 35174 a multiple of 85?
False
Is 35 a factor of 2025?
False
Is 14 a factor of 1372?
True
Does 32 divide 1561?
False
Is 40 a factor of 1833?
False
Is 720 a multiple of 80?
True
Is 379 a multiple of 2?
False
Is 5170 a multiple of 10?
True
Does 12 divide 11064?
True
Is 4144 a multiple of 28?
True
Is 3168 a multiple of 12?
True
Is 5 a factor of 18228?
False
Is 107 a factor of 4280?
True
Does 8 divide 50848?
True
Is 14 a factor of 2198?
True
Does 24 divide 678?
False
Is 3 a factor of 168?
True
Is 31 a factor of 815?
False
Does 22 divide 2618?
True
Does 5 divide 1620?
True
Is 3752 a multiple of 14?
True
Does 8 divide 130?
False
Is 20 a factor of 2442?
False
Does 35 divide 53367?
False
Is 553 a multiple of 16?
False
Does 17 divide 422?
False
Is 10 a factor of 1485?
False
Is 3150 a multiple of 25?
True
Does 11 divide 356?
False
Is 77 a factor of 4312?
True
Is 1360 a multiple of 16?
True
Is 14405 a multiple of 43?
True
Does 10 divide 16010?
True
Does 12 divide 76226?
False
Is 125 a factor of 5875?
True
Is 56 a factor of 1301?
False
Does 70 divide 60130?
True
Is 38 a factor of 4140?
False
Is 936 a multiple of 13?
True
Does 17 divide 17?
True
Is 9 a factor of 7706?
False
Is 20 a factor of 4046?
False
Is 11635 a multiple of 13?
True
Does 13 divide 39?
True
Is 18463 a multiple of 45?
False
Is 55 a factor of 7315?
True
Does 19 divide 10963?
True
Is 860 a multiple of 12?
False
Is 10 a factor of 9040?
True
Does 121 divide 57475?
True
Does 8 divide 24?
True
Is 4902 a multiple of 6?
True
Does 11 divide 2010?
False
Is 89 a factor of 4651?
False
Does 28 divide 98198?
False
Does 98 divide 2156?
True
Is 43 a factor of 301?
True
Does 36 divide 35371?
False
Does 12 divide 342?
False
Does 28 divide 308?
True
Is 4 a factor of 292?
True
Does 50 divide 141?
False
Is 7 a factor of 4358?
False
Is 21 a factor of 7926?
False
Is 24 a factor of 1406?
False
Is 422 even?
True
Is 1316 a multipl